at is the remainder when 1591721 is divided by 66?
65
Calculate the remainder when 35456 is divided by 34.
28
What is the remainder when 16912 is divided by 805?
7
What is the remainder when 59917 is divided by 333?
310
What is the remainder when 51575 is divided by 580?
535
Calculate the remainder when 127295 is divided by 416.
415
What is the remainder when 154668 is divided by 154655?
13
What is the remainder when 83912 is divided by 378?
374
What is the remainder when 187199 is divided by 312?
311
Calculate the remainder when 42892 is divided by 29.
1
What is the remainder when 604468 is divided by 3053?
3027
What is the remainder when 3501 is divided by 440?
421
What is the remainder when 92702 is divided by 118?
72
What is the remainder when 23675 is divided by 115?
100
Calculate the remainder when 193689 is divided by 226.
7
What is the remainder when 226355 is divided by 4816?
3
Calculate the remainder when 2431 is divided by 321.
184
What is the remainder when 57296 is divided by 28638?
20
Calculate the remainder when 2375 is divided by 16.
7
Calculate the remainder when 12119 is divided by 1729.
16
What is the remainder when 714 is divided by 172?
26
Calculate the remainder when 53329 is divided by 225.
4
What is the remainder when 48310 is divided by 183?
181
What is the remainder when 49370 is divided by 58?
12
What is the remainder when 147689 is divided by 29532?
29
What is the remainder when 23382 is divided by 377?
8
Calculate the remainder when 968 is divided by 191.
13
What is the remainder when 3746 is divided by 927?
38
What is the remainder when 237616 is divided by 387?
385
Calculate the remainder when 3240 is divided by 1463.
314
What is the remainder when 1059 is divided by 87?
15
Calculate the remainder when 1154 is divided by 9.
2
What is the remainder when 709246 is divided by 48?
46
What is the remainder when 877 is divided by 450?
427
What is the remainder when 16716 is divided by 207?
156
What is the remainder when 16539 is divided by 5499?
42
Calculate the remainder when 10679 is divided by 738.
347
Calculate the remainder when 1401939 is divided by 36.
27
What is the remainder when 42300 is divided by 311?
4
Calculate the remainder when 5403 is divided by 898.
15
What is the remainder when 6826 is divided by 235?
11
What is the remainder when 65684 is divided by 1095?
1079
Calculate the remainder when 25346 is divided by 325.
321
Calculate the remainder when 221417 is divided by 3033.
8
What is the remainder when 17554 is divided by 763?
5
What is the remainder when 76361 is divided by 19088?
9
Calculate the remainder when 347127 is divided by 551.
548
Calculate the remainder when 4094 is divided by 5.
4
Calculate the remainder when 103100 is divided by 518.
18
Calculate the remainder when 76347 is divided by 1869.
1587
What is the remainder when 27428 is divided by 180?
68
Calculate the remainder when 1488 is divided by 660.
168
Calculate the remainder when 7083 is divided by 266.
167
What is the remainder when 2964497 is divided by 242?
239
What is the remainder when 687 is divided by 98?
1
What is the remainder when 66373 is divided by 111?
106
Calculate the remainder when 32998 is divided by 16463.
72
Calculate the remainder when 1628 is divided by 142.
66
What is the remainder when 7046 is divided by 993?
95
Calculate the remainder when 14404 is divided by 286.
104
What is the remainder when 349767 is divided by 93?
87
What is the remainder when 71525 is divided by 17881?
1
Calculate the remainder when 27649 is divided by 60.
49
What is the remainder when 1663293 is divided by 247?
242
What is the remainder when 284615 is divided by 72?
71
What is the remainder when 12214 is divided by 655?
424
Calculate the remainder when 51656 is divided by 574.
570
What is the remainder when 12246 is divided by 7?
3
What is the remainder when 32131 is divided by 103?
98
Calculate the remainder when 224522 is divided by 898.
22
What is the remainder when 1383 is divided by 50?
33
Calculate the remainder when 160136 is divided by 22.
20
What is the remainder when 27755 is divided by 180?
35
Calculate the remainder when 6185 is divided by 1236.
5
Calculate the remainder when 6289 is divided by 1361.
845
What is the remainder when 14884 is divided by 875?
9
What is the remainder when 1615 is divided by 49?
47
What is the remainder when 8389 is divided by 902?
271
Calculate the remainder when 3880 is divided by 132.
52
Calculate the remainder when 110016 is divided by 786.
762
Calculate the remainder when 789839 is divided by 180.
179
Calculate the remainder when 191610 is divided by 95799.
12
Calculate the remainder when 347497 is divided by 293.
292
Calculate the remainder when 3833 is divided by 952.
25
Calculate the remainder when 4012 is divided by 444.
16
What is the remainder when 3531 is divided by 56?
3
Calculate the remainder when 60837 is divided by 12166.
7
What is the remainder when 74517 is divided by 20?
17
What is the remainder when 1882422 is divided by 71?
70
Calculate the remainder when 1546009 is divided by 46.
41
Calculate the remainder when 2426 is divided by 25.
1
Calculate the remainder when 26068 is divided by 15.
13
What is the remainder when 7144 is divided by 159?
148
What is the remainder when 375191 is divided by 133?
131
What is the remainder when 8497 is divided by 50?
47
Calculate the remainder when 10158 is divided by 5079.
0
What is the remainder when 3506 is divided by 1134?
104
Calculate the remainder when 13733 is divided by 1043.
174
Calculate the remainder when 485 is divided by 133.
86
Calculate the remainder when 86241 is divided by 85.
51
Calculate the remainder when 14294 is divided by 433.
5
What is the remainder when 4651 is divided by 35?
31
What is the remainder when 866 is divided by 434?
432
What is the remainder when 2066 is divided by 307?
224
Calculate the remainder when 60154 is divided by 661.
3
What is the remainder when 3668 is divided by 7?
0
What is the remainder when 15166 is divided by 2522?
34
Calculate the remainder when 2105 is divided by 131.
9
Calculate the remainder when 467 is divided by 259.
208
Calculate the remainder when 270005 is divided by 193.
191
Calculate the remainder when 15342 is divided by 595.
467
What is the remainder when 347559 is divided by 20?
19
What is the remainder when 9506 is divided by 9481?
25
Calculate the remainder when 32884 is divided by 128.
116
Calculate the remainder when 7160 is divided by 3575.
10
What is the remainder when 8112 is divided by 77?
27
What is the remainder when 555396 is divided by 373?
372
What is the remainder when 48222 is divided by 285?
57
Calculate the remainder when 1738557 is divided by 20.
17
Calculate the remainder when 89738 is divided by 3451.
12
Calculate the remainder when 9041 is divided by 283.
268
Calculate the remainder when 789 is divided by 515.
274
What is the remainder when 956 is divided by 33?
32
What is the remainder when 1971 is divided by 29?
28
What is the remainder when 17646 is divided by 156?
18
Calculate the remainder when 4911 is divided by 53.
35
What is the remainder when 83938 is divided by 730?
718
Calculate the remainder when 6283302 is divided by 183.
180
Calculate the remainder when 34594 is divided by 665.
14
Calculate the remainder when 277572 is divided by 92523.
3
What is the remainder when 857 is divided by 506?
351
Calculate the remainder when 2404 is divided by 344.
340
What is the remainder when 11855 is divided by 15?
5
Calculate the remainder when 27557 is divided by 4560.
197
Calculate the remainder when 47231 is divided by 67.
63
What is the remainder when 9641 is divided by 90?
11
Calculate the remainder when 161277 is divided by 36.
33
What is the remainder when 262158 is divided by 20?
18
What is the remainder when 2155495 is divided by 431099?
0
What is the remainder when 31625 is divided by 296?
249
What is the remainder when 888 is divided by 242?
162
Calculate the remainder when 23904 is divided by 39.
36
What is the remainder when 267433 is divided by 35?
33
What is the remainder when 209271 is divided by 55?
51
Calculate the remainder when 1912 is divided by 714.
484
Calculate the remainder when 91303 is divided by 17.
13
Calculate the remainder